{"id":1995,"date":"2017-08-06T06:46:36","date_gmt":"2017-08-06T06:46:36","guid":{"rendered":"https:\/\/demo.themefreesia.com\/idyllic\/?page_id=1995"},"modified":"2021-09-20T08:59:48","modified_gmt":"2021-09-20T08:59:48","slug":"contact-us","status":"publish","type":"page","link":"https:\/\/wilman.es\/?page_id=1995","title":{"rendered":"Cont\u00e1ctame"},"content":{"rendered":"\n<div class=\"wp-block-columns is-layout-flex wp-container-core-columns-is-layout-1 wp-block-columns-is-layout-flex\">\n<div class=\"wp-block-column is-layout-flow wp-block-column-is-layout-flow\" style=\"flex-basis:100%\">\n<iframe src=\"https:\/\/www.google.com\/maps\/embed?pb=!1m18!1m12!1m3!1d66748.22823775021!2d2.146594520820513!3d41.400371209788254!2m3!1f0!2f0!3f0!3m2!1i1024!2i768!4f13.1!3m3!1m2!1s0x12a49816718e30e5%3A0x44b0fb3d4f47660a!2sBarcelona!5e0!3m2!1ses!2ses!4v1631888017966!5m2!1ses!2ses\" width=\"800\" height=\"450\" style=\"border:0;\" allowfullscreen=\"\" loading=\"lazy\"><\/iframe>\n<br><br>\n<center><a class=\"btn-default dark\" href=\"https:\/\/api.whatsapp.com\/send?phone=34637016685&amp;text=Hola%20Wilman,%20&amp;source=&amp;data=&amp;app_absent=\" title=\"Quieres saber m\u00e1s? cont\u00e1ctame!\">Quieres saber m\u00e1s? Cont\u00e1ctame!<\/a><\/center>\n<\/div>\n<\/div>\n\n\n\n<p><\/p>\n","protected":false},"excerpt":{"rendered":"<p>Quieres saber m\u00e1s? Cont\u00e1ctame!<\/p>\n","protected":false},"author":1,"featured_media":0,"parent":1780,"menu_order":0,"comment_status":"closed","ping_status":"closed","template":"","meta":{"footnotes":""},"yoast_head":"<!-- This site is optimized with the Yoast SEO plugin v22.6 - https:\/\/yoast.com\/wordpress\/plugins\/seo\/ -->\n<title>Cont\u00e1ctame - Wilman Espa\u00f1a<\/title>\n<meta name=\"robots\" content=\"index, follow, max-snippet:-1, max-image-preview:large, max-video-preview:-1\" \/>\n<link rel=\"canonical\" href=\"https:\/\/wilman.es\/?page_id=1995\" \/>\n<meta property=\"og:locale\" content=\"es_ES\" \/>\n<meta property=\"og:type\" content=\"article\" \/>\n<meta property=\"og:title\" content=\"Cont\u00e1ctame - Wilman Espa\u00f1a\" \/>\n<meta property=\"og:description\" content=\"Quieres saber m\u00e1s? Cont\u00e1ctame!\" \/>\n<meta property=\"og:url\" content=\"https:\/\/wilman.es\/?page_id=1995\" \/>\n<meta property=\"og:site_name\" content=\"Wilman Espa\u00f1a\" \/>\n<meta property=\"article:modified_time\" content=\"2021-09-20T08:59:48+00:00\" \/>\n<meta name=\"twitter:card\" content=\"summary_large_image\" \/>\n<meta name=\"twitter:label1\" content=\"Tiempo de lectura\" \/>\n\t<meta name=\"twitter:data1\" content=\"1 minuto\" \/>\n<script type=\"application\/ld+json\" class=\"yoast-schema-graph\">{\"@context\":\"https:\/\/schema.org\",\"@graph\":[{\"@type\":\"WebPage\",\"@id\":\"https:\/\/wilman.es\/?page_id=1995\",\"url\":\"https:\/\/wilman.es\/?page_id=1995\",\"name\":\"Cont\u00e1ctame - Wilman Espa\u00f1a\",\"isPartOf\":{\"@id\":\"https:\/\/wilman.es\/#website\"},\"datePublished\":\"2017-08-06T06:46:36+00:00\",\"dateModified\":\"2021-09-20T08:59:48+00:00\",\"breadcrumb\":{\"@id\":\"https:\/\/wilman.es\/?page_id=1995#breadcrumb\"},\"inLanguage\":\"es\",\"potentialAction\":[{\"@type\":\"ReadAction\",\"target\":[\"https:\/\/wilman.es\/?page_id=1995\"]}]},{\"@type\":\"BreadcrumbList\",\"@id\":\"https:\/\/wilman.es\/?page_id=1995#breadcrumb\",\"itemListElement\":[{\"@type\":\"ListItem\",\"position\":1,\"name\":\"Portada\",\"item\":\"https:\/\/wilman.es\/\"},{\"@type\":\"ListItem\",\"position\":2,\"name\":\"Inicio\",\"item\":\"https:\/\/wilman.es\/\"},{\"@type\":\"ListItem\",\"position\":3,\"name\":\"Cont\u00e1ctame\"}]},{\"@type\":\"WebSite\",\"@id\":\"https:\/\/wilman.es\/#website\",\"url\":\"https:\/\/wilman.es\/\",\"name\":\"Wilman Espa\u00f1a\",\"description\":\"Technical SEO &amp; Business Transformation\",\"publisher\":{\"@id\":\"https:\/\/wilman.es\/#organization\"},\"potentialAction\":[{\"@type\":\"SearchAction\",\"target\":{\"@type\":\"EntryPoint\",\"urlTemplate\":\"https:\/\/wilman.es\/?s={search_term_string}\"},\"query-input\":\"required name=search_term_string\"}],\"inLanguage\":\"es\"},{\"@type\":\"Organization\",\"@id\":\"https:\/\/wilman.es\/#organization\",\"name\":\"Wilman Espa\u00f1a\",\"url\":\"https:\/\/wilman.es\/\",\"logo\":{\"@type\":\"ImageObject\",\"inLanguage\":\"es\",\"@id\":\"https:\/\/wilman.es\/#\/schema\/logo\/image\/\",\"url\":\"https:\/\/wilman.es\/wp-content\/uploads\/2023\/01\/cropped-Logo_wilman.webp\",\"contentUrl\":\"https:\/\/wilman.es\/wp-content\/uploads\/2023\/01\/cropped-Logo_wilman.webp\",\"width\":300,\"height\":49,\"caption\":\"Wilman Espa\u00f1a\"},\"image\":{\"@id\":\"https:\/\/wilman.es\/#\/schema\/logo\/image\/\"}}]}<\/script>\n<!-- \/ Yoast SEO plugin. -->","yoast_head_json":{"title":"Cont\u00e1ctame - Wilman Espa\u00f1a","robots":{"index":"index","follow":"follow","max-snippet":"max-snippet:-1","max-image-preview":"max-image-preview:large","max-video-preview":"max-video-preview:-1"},"canonical":"https:\/\/wilman.es\/?page_id=1995","og_locale":"es_ES","og_type":"article","og_title":"Cont\u00e1ctame - Wilman Espa\u00f1a","og_description":"Quieres saber m\u00e1s? Cont\u00e1ctame!","og_url":"https:\/\/wilman.es\/?page_id=1995","og_site_name":"Wilman Espa\u00f1a","article_modified_time":"2021-09-20T08:59:48+00:00","twitter_card":"summary_large_image","twitter_misc":{"Tiempo de lectura":"1 minuto"},"schema":{"@context":"https:\/\/schema.org","@graph":[{"@type":"WebPage","@id":"https:\/\/wilman.es\/?page_id=1995","url":"https:\/\/wilman.es\/?page_id=1995","name":"Cont\u00e1ctame - Wilman Espa\u00f1a","isPartOf":{"@id":"https:\/\/wilman.es\/#website"},"datePublished":"2017-08-06T06:46:36+00:00","dateModified":"2021-09-20T08:59:48+00:00","breadcrumb":{"@id":"https:\/\/wilman.es\/?page_id=1995#breadcrumb"},"inLanguage":"es","potentialAction":[{"@type":"ReadAction","target":["https:\/\/wilman.es\/?page_id=1995"]}]},{"@type":"BreadcrumbList","@id":"https:\/\/wilman.es\/?page_id=1995#breadcrumb","itemListElement":[{"@type":"ListItem","position":1,"name":"Portada","item":"https:\/\/wilman.es\/"},{"@type":"ListItem","position":2,"name":"Inicio","item":"https:\/\/wilman.es\/"},{"@type":"ListItem","position":3,"name":"Cont\u00e1ctame"}]},{"@type":"WebSite","@id":"https:\/\/wilman.es\/#website","url":"https:\/\/wilman.es\/","name":"Wilman Espa\u00f1a","description":"Technical SEO &amp; Business Transformation","publisher":{"@id":"https:\/\/wilman.es\/#organization"},"potentialAction":[{"@type":"SearchAction","target":{"@type":"EntryPoint","urlTemplate":"https:\/\/wilman.es\/?s={search_term_string}"},"query-input":"required name=search_term_string"}],"inLanguage":"es"},{"@type":"Organization","@id":"https:\/\/wilman.es\/#organization","name":"Wilman Espa\u00f1a","url":"https:\/\/wilman.es\/","logo":{"@type":"ImageObject","inLanguage":"es","@id":"https:\/\/wilman.es\/#\/schema\/logo\/image\/","url":"https:\/\/wilman.es\/wp-content\/uploads\/2023\/01\/cropped-Logo_wilman.webp","contentUrl":"https:\/\/wilman.es\/wp-content\/uploads\/2023\/01\/cropped-Logo_wilman.webp","width":300,"height":49,"caption":"Wilman Espa\u00f1a"},"image":{"@id":"https:\/\/wilman.es\/#\/schema\/logo\/image\/"}}]}},"_links":{"self":[{"href":"https:\/\/wilman.es\/index.php?rest_route=\/wp\/v2\/pages\/1995"}],"collection":[{"href":"https:\/\/wilman.es\/index.php?rest_route=\/wp\/v2\/pages"}],"about":[{"href":"https:\/\/wilman.es\/index.php?rest_route=\/wp\/v2\/types\/page"}],"author":[{"embeddable":true,"href":"https:\/\/wilman.es\/index.php?rest_route=\/wp\/v2\/users\/1"}],"replies":[{"embeddable":true,"href":"https:\/\/wilman.es\/index.php?rest_route=%2Fwp%2Fv2%2Fcomments&post=1995"}],"version-history":[{"count":17,"href":"https:\/\/wilman.es\/index.php?rest_route=\/wp\/v2\/pages\/1995\/revisions"}],"predecessor-version":[{"id":2306,"href":"https:\/\/wilman.es\/index.php?rest_route=\/wp\/v2\/pages\/1995\/revisions\/2306"}],"up":[{"embeddable":true,"href":"https:\/\/wilman.es\/index.php?rest_route=\/wp\/v2\/pages\/1780"}],"wp:attachment":[{"href":"https:\/\/wilman.es\/index.php?rest_route=%2Fwp%2Fv2%2Fmedia&parent=1995"}],"curies":[{"name":"wp","href":"https:\/\/api.w.org\/{rel}","templated":true}]}}